 1 + 7b?
7c
In base 3, what is -120 - 2100210?
-2101100
In base 9, what is -706 - 2?
-708
In base 5, what is -11040 - -10?
-11030
In base 4, what is -11 + 1011023?
1011012
In base 9, what is 27 + 3?
31
In base 14, what is -1 - -52?
51
In base 4, what is 113300 - 1?
113233
In base 10, what is -3 - -17?
14
In base 16, what is -3 - -7?
4
In base 5, what is 1 - -22140?
22141
In base 13, what is -3 + 126?
123
In base 16, what is 4 - 33?
-2f
In base 13, what is -44b + -1?
-44c
In base 12, what is -20 + -144?
-164
In base 3, what is -11 + -1220?
-2001
In base 5, what is -124033 - 1?
-124034
In base 8, what is -733 + 3?
-730
In base 9, what is -67 + -37?
-115
In base 5, what is -342 - 3?
-400
In base 16, what is 0 - -122?
122
In base 14, what is -7 - -9?
2
In base 8, what is -1506 - -10?
-1476
In base 10, what is 55 - 5?
50
In base 3, what is -102 + 102?
0
In base 13, what is 4 - -5b1?
5b5
In base 12, what is 1a6 - 5?
1a1
In base 12, what is -232 - -b?
-223
In base 15, what is 27 - -d?
35
In base 5, what is -342 - 40?
-432
In base 3, what is -12020 - 0?
-12020
In base 2, what is 11111010 + -1100?
11101110
In base 3, what is 11 + -12100?
-12012
In base 9, what is 5852 - 5?
5846
In base 9, what is -1 - 68?
-70
In base 8, what is 4704 - -3?
4707
In base 12, what is -a92 + 2?
-a90
In base 9, what is 253 + 22?
275
In base 14, what is -8 + -447?
-451
In base 5, what is -132 + 0?
-132
In base 10, what is -1 + -373?
-374
In base 7, what is 1 + 643?
644
In base 7, what is 105 + 35?
143
In base 5, what is -111 + -33?
-144
In base 3, what is -110110 + 211?
-102122
In base 6, what is 4 - -55?
103
In base 11, what is -62 + -59?
-110
In base 9, what is -12 - 20?
-32
In base 16, what is -140 + 4?
-13c
In base 12, what is 328 - -2?
32a
In base 7, what is -11 + 11?
0
In base 7, what is -31 - 1023?
-1054
In base 5, what is -14 + 30034?
30020
In base 16, what is 44 - -d?
51
In base 3, what is -2 - 1200?
-1202
In base 11, what is 56 + 5?
60
In base 7, what is -3 + 241?
235
In base 16, what is -1b7 - 0?
-1b7
In base 8, what is 55 - -2?
57
In base 7, what is -440 - 1?
-441
In base 14, what is 3 + -81?
-7c
In base 11, what is 91 + 1?
92
In base 6, what is -3040 - -3?
-3033
In base 9, what is 876 + -4?
872
In base 10, what is 2 - -36?
38
In base 15, what is 0 + 14?
14
In base 7, what is -343 + -1?
-344
In base 14, what is -a + -76?
-82
In base 13, what is -4 - -122c?
1228
In base 4, what is 1212 + 1?
1213
In base 10, what is -13 - -72?
59
In base 5, what is 4323 - -1?
4324
In base 6, what is 3 + 22320?
22323
In base 14, what is -348 - 2?
-34a
In base 11, what is -6a - -19?
-51
In base 7, what is -4 - -43?
36
In base 16, what is -10 + 16?
6
In base 12, what is -8 + -4a?
-56
In base 4, what is 3 - -103?
112
In base 3, what is 202 - 2000220?
-2000011
In base 10, what is -3216 - -3?
-3213
In base 6, what is 112 - -11?
123
In base 12, what is -118 - -2?
-116
In base 14, what is 2 + 17?
19
In base 10, what is -52 + -6?
-58
In base 3, what is 1120020 - 101?
1112212
In base 11, what is -11916 + 5?
-11911
In base 6, what is 55555 - 5?
55550
In base 4, what is -3 + 3?
0
In base 6, what is -30335 + -4?
-30343
In base 7, what is -451 - -2?
-446
In base 11, what is 91 + -28?
64
In base 6, what is 10515 - -4?
10523
In base 13, what is -c + -609?
-618
In base 16, what is -5 - -160?
15b
In base 5, what is -11 + 30240?
30224
In base 8, what is 2 - -1641?
1643
In base 10, what is 2453 + -8?
2445
In base 9, what is -47 + 28?
-18
In base 13, what is 25 - 9?
19
In base 11, what is -23 + 2?
-21
In base 5, what is -43423 - 3?
-43431
In base 11, what is 4751 + -1?
4750
In base 13, what is 4c7 + c?
506
In base 5, what is 2 - -4?
11
In base 10, what is 0 + 1?
1
In base 12, what is 3 + 766?
769
In base 3, what is -101 - -2020211?
2020110
In base 15, what is -99 - -1c?
-7c
In base 10, what is 1 + 39?
40
In base 16, what is -1 + c?
b
In base 11, what is -2 + 93?
91
In base 5, what is 22 + 114?
141
In base 15, what is 172 - 1?
171
In base 2, what is 110 + 1010?
10000
In base 16, what is 3 - 89?
-86
In base 16, what is f - -2?
11
In base 8, what is 1267 - -3?
1272
In base 14, what is -7a + -15?
-91
In base 6, what is 10 - -1451?
1501
In base 2, what is 0 - 10101?
-10101
In base 3, what is 12112 + 22?
12211
In base 11, what is 16 + -53?
-38
In base 6, what is 152 - 323?
-131
In base 11, what is 204 - 5?
1aa
In base 9, what is -123 + -2?
-125
In base 4, what is 10 + -313?
-303
In base 2, what is -100 + 1101?
1001
In base 16, what is -6 + 363?
35d
In base 7, what is -4 + 2?
-2
In base 3, what is -2102 + 12022?
2220
In base 16, what is 6 - -8?
e
In base 4, what is 211 - -1000?
1211
In base 2, what is -11010110101 + 100?
-11010110001
In base 10, what is 16 - -80?
96
In base 9, what is 11 + 10?
21
In base 3, what is 22222220 - -12?
100000002
In base 10, what is 7 + 10?
17
In base 16, what is -4b1 - 2?
-4b3
In base 3, what is -1 - -200?
122
In base 8, what is 4 + -210?
-204
In base 14, what is 22 + 14?
36
In base 11, what is 1 + -516?
-515
In base 5, what is -24012 + 3?
-24004
In base 11, what is -a73 + 0?
-a73
In base 9, what is 2501 + 3?
2504
In base 13, what is -2 + 39?
37
In base 8, what is 117 + 7?
126
In base 11, what is 3 - -a25?
a28
In base 14, what is -1 - 37?
-38
In base 4, what is -11 - 223?
-300
In base 6, what is -4 - -31233?
31225
In base 4, what is -11 - -11212?
11201
In base 14, what is 0 + a?
a
In base 12, what is -5ba + -2?
-600
In base 14, what is -d18 - 0?
-d18
In base 14, what is 130 - 2?
12c
In base 11, what is -10 - 435?
-445
In base 15, what is -1 - 31?
-32
In base 8, what is -45 + 1?
-44
In base 9, what is -62 + -1?
-63
In base 11, what is -3 + a?
7
In base 4, what is -2300 + 12?
-2222
In base 11, what is -2 + 41?
3a
In base 2, what is 1111110 + 0?
1111110
In base 10, what is -277 - 1?
-278
In base 10, what is -3665 + -2?
-3667
In base 2, what is 11100010 - 1001?
11011001
In base 6, what is -113 - -54?
-15
In base 15, what is -5 + -99?
-9e
In base 10, what is 23614 - 3?
23611
In base 4, what is 0 + 10120?
10120
In base 5, what is 1143 + 11?
1204
In base 2, what is -10 + -110000000?
-110000010
In base 16, what is -3c + 3?
-39
In base 4, what is 22 + 1230?
1312
In base 13, what is 1a6 - -1?
1a7
In base 15, what is -251c - 5?
-2522
In base 5, what is 40 - 1?
34
In base 15, what is 5 + 51?
56
In base 3, what is 11202 - -10?
11212
In base 16, what is -8a + 0?
-8a
In base 10, what is -809 + -28?
-837
In base 5, what is -134 + 20?
-114
In base 16, what is -4 - 6?
-a
In base 2, what is -101101 - 11?
-110000
In base 2, what is -1111100101 - -101?
-1111100000
In base 5, what is -404 + -1?
-410
In base 4, what is 0 + 100111?
100111
In base 12, what is -4 + 458?
454
In base 15, what is 27 + -57?
-30
In base 12, what is b1 - 5?
a8
In base 14, what is 3 - 12a?
-127
In base 8, what is -4 + -14?
-20
In base 4, what is -112 + -1?
-113
In base 14, what is -218 - -2?
-216
In base 5, what is 13 - -3404?
3422
In base 7, what is 53 - 12?
41
In base 5, what is 10 - -1130?
1140
In base 13, what is 334 - 1?
333
In base 5, what is 1 - 2042?
-2041
In base 11, what is 0 - a9?
-a9
In base 12, what is 0 + -49?
-49
In base 5, what is -3 + 103?
100
In base 13, what is -62 - 12?
-74
In base 6, what is 1523 - -45?
2012
In base 4, what is 11 + -203?
-132
In base 7, what is 0 - 345?
-345
In base 14, what is 0 + -123c?
-123c
In base 15, what is -1a5 + 1?
-1a4
In base 12, what is -a0 + b0?
10
In base 4, what is -1333 + -13?
-2012
In base 12, what is 8 + b4?
100
In base 3, what is -10 + -1220?
-2000
In base 8, what is 332 - -57?
411
In base 6, what is 143 - 34?
105
In base 10, what is 2523 + -1?
2522
In base 6, what is -5 - -215?
210
In base 12, what is -1144 - 3?
-1147
In base 12, what is 4 + 44a?
452
In base 15, what is 31 + -38?
-7
In base 9, what is -14 - -4?
-10
In base 13, what is -1 + 103?
102
In base 6, what is -42 + 34?
-4
In base 4, what is -123 - 1?
-130
In base 13, what is ca + -6?
c4
In base 4, what is -132033 + 1?
-132032
In base 9, what is 845 + -2?
843
In base 8, what is -3 - 57?
-62
In base 6, what is -51 - 4044?
-4135
In base 16, what is -5 - -5b?
56
In base 11, what is 4a + -9?
41
In base 12, what is -5 - 10b4?
-10b9
In base 4, what is 112 + 202?
320
In base 5, what is -1013 + 12?
-1001
In base 3, what